4).
-87
Let x(l) be the first derivative of l**3/3 - 3*l**2/2 + 4*l - 2265. Suppose 2*d = 7*d - 15. Calculate x(d).
4
Let p(x) be the second derivative of 1/20*x**5 + 10 - x**2 + x - 1/3*x**3 + 1/6*x**4. Determine p(-2).
2
Let i(t) = t**3 - 8*t**2 + 16*t - 27. Let p be i(6). Let a be 18 - 3 - (-2 - p). Let r(d) = a - 47 + 13 + 16 - d. Give r(-3).
-1
Let d(b) = 52*b**2 + 8*b - 7. Let f be d(6). Let l be 3/(-8)*78/117 - 17/(-4). Let q(k) = 3*k + l - k + f*k**2 - k**3 - 1910*k**2. What is q(4)?
-4
Let c(m) be the second derivative of -m**5/20 - m**2/2 - 1757*m. Give c(0).
-1
Let c(q) = -q**3 + 3*q**2 + 3*q - 7. Let k(y) = -4*y**2 + 81*y - 217. Let j be k(17). Give c(j).
-11
Suppose 3*f - 5*f = 4*l + 14, -5*f = 2*l + 11. Let p be 8 - (-1)/(-1)*(3 + f). Let c(v) = 4 + 5*v + 3*v - v**2 - 2*v. Give c(p).
4
Let v(x) = 2*x - 7. Let l(p) be the third derivative of -p**4/12 + p**3 + 10*p**2 - 2*p. Let j(m) = -3*l(m) - 2*v(m). Give j(0).
-4
Let j(a) = 9*a + 2*a - 13*a. Let n(d) be the third derivative of d**5/60 - 3*d**4/8 + 7*d**3/6 - 6*d**2. Let l be n(8). Calculate j(l).
2
Let k = -2952 + 2949. Let m(x) = 12*x + 21. What is m(k)?
-15
Let c(p) be the first derivative of -4*p - 27 - 1/3*p**3 - 2*p**2. Determine c(-6).
-16
Let f(z) = z**2 - 2*z - 11. Let l be -1*(-5 + 49)/(-11). What is f(l)?
-3
Let c(a) = 17*a + 9. Let f(y) = 2*y + 4. Let l(r) = 2*c(r) - 14*f(r). Give l(6).
-2
Let w(l) = 78*l**2 - 158*l + 4. Let i be w(2). Let k(a) = 2*a - 14. Let j(r) = 2*r - 13. Let g(c) = -3*j(c) + 2*k(c). What is g(i)?
11
Let f(y) = 18*y**2 - 30*y - 48. Let j(z) = z**2 - z - 3. Let h(o) = -3*f(o) + 45*j(o). Let s be h(5). Let a(n) = -n + 7. What is a(s)?
-2
Let q(u) = -34*u**2 + u + 1. Suppose 62 + 42 = -103*i + 1. Calculate q(i).
-34
Let s(d) = -d**3 - 5*d**2 - 2*d + 5. Let z(y) = y**3 + 2*y**2 - 6*y + 7. Let q be z(2). Suppose 8*c + q + 21 = 0. What is s(c)?
-3
Let b(t) = 2*t**2 + 9*t - 1. Let k(g) = -2*g**2 - 9*g. Let y(o) = -10*b(o) - 8*k(o). Determine y(-7).
-60
Let z(a) = 4*a - 6307*a**2 - 4*a + 6305*a**2 + a**3. Let x = -192 + 194. Give z(x).
0
Let c(u) = 54 + 127 + 139 - 30*u - 50 + 9*u. Give c(13).
-3
Suppose -9*w - 76*w - 693 = -8*w. Let t(j) = -j**2 - 4*j + 4. Calculate t(w).
-41
Let r be ((-132)/(-2))/((-1)/(-5)). Let z = r + -339. Let d(x) = -x**3 - 10*x**2 - 9*x - 8. Give d(z).
-8
Let l(a) = -a + 3. Let q(m) = -2*m + 23. Let d(s) = 6*l(s) - q(s). Suppose -3*u + r = -2, -2*u + 4 = 2*u - 2*r. Let v be -3 - ((u - -6) + -4). Give d(v).
15
Let y(q) = -18*q**2 - 10*q + 24. Let m(r) = 5*r**2 + 4*r - 7. Let b(g) = -7*m(g) - 2*y(g). Let v = 13 - 5. Give b(v).
1
Let k(g) = 28*g + 273. Let v(n) = 3*n + 17. Let q(o) = -k(o) + 6*v(o). What is q(-18)?
9
Let c(i) = -16*i - 38. Let h be c(-4). Let u = 31 - h. Suppose -2*n - 2*v = -n + 3, u*v = 3*n + 9. Let p(a) = a**3 - 2*a + 4. What is p(n)?
-17
Let g(i) = i**2 + 6*i - 4. Let w(s) = 5*s**2 + 53*s - 7. Let h(b) = 6*g(b) - w(b). Let c be ((-10)/(-4) - -2)*4. Let z be h(c). Let v(d) = 2*d. Determine v(z).
2
Let u(r) = -r**3 - 6*r**2 - 7*r. Suppose -w - 2 = -3*z, -17 + 6 = 2*w + z. Give u(w).
10
Let w(y) = -41*y**2 - 123*y - 3. Let d be w(-3). Let s(z) = z**3 + 4*z**2 + 3*z - 4. Calculate s(d).
-4
Let a(k) = -23*k**2 + 8*k - 7. Let j = 21555 + -21554. Determine a(j).
-22
Let c(z) = -6*z**2 - 17. Let b(s) = s**2 + 8. Let t(w) = 5*b(w) + 2*c(w). Give t(3).
-57
Let a(d) be the third derivative of 1/6*d**4 + 10*d**2 + 0 - 2/3*d**3 + 0*d. Let v be 39/15 + 6*(-2)/(-30). Determine a(v).
8
Suppose 0 = 26*b - 12 - 40. Let k(l) = -2 + 157*l - 62*l - l**b - 92*l. Suppose -5*f = -o + 6*o - 55, -5*f + 19 = -o. Give k(o).
-20
Let f(q) be the third derivative of -q**5/60 + q**4/24 - 5*q**3/2 + q**2 + 13*q. Let a be (-115)/(-25) + -4 - (-9)/(-15). What is f(a)?
-15
Let n(u) be the first derivative of -u**3/3 - 3*u**2/2 - 6*u + 61541. Let q = -3 + 8. Give n(q).
-46
Let f(h) = -h**2 - h + 1. Let n(m) = 5*m**2 + 19*m + 1. Let s(z) = 6*f(z) + n(z). Suppose 4*j + 2*k = 2*j + 20, 4*j + 5*k - 36 = 0. Give s(j).
-7
Let d(q) = 9*q**2 + 21*q + 11. Let x(i) = i**2 + 2*i. Let m(a) = -d(a) + 6*x(a). Let b(r) = -2*r**2 - 8*r - 11. Let n(u) = -4*b(u) + 3*m(u). Give n(8).
-13
Let z be ((-8)/10)/(3 - 124/40). Let b(m) = -1 - 3*m**2 + z*m + 4*m**2 - 5 + 0. Determine b(-8).
-6
Let g be -3 - (2 - 1184/2). Suppose 18 = 4*v - 5*p, -5*p - 2 - 18 = -5*v. Let w(a) = -a - g + v*a + 583. What is w(6)?
2
Let s be 17/4 + (-6)/24. Suppose s*f = 2*f. Let x(l) = -9*l + 14 + 7 + 2*l + 2*l + 4*l. What is x(f)?
21
Let s(t) be the third derivative of 5/24*t**4 - 2*t**2 + 0*t + 2/3*t**3 + 0. Let x be (-4800)/1125 + (-84)/(-315). Calculate s(x).
-16
Let x(o) = o**3 + 7*o**2 + 6*o + 13. Let h be x(-6). Suppose c - 6 = -3*q, -5*q - 3*c - 3 = -h. Let k(s) = 3 - 5*s**q + 2*s + 4*s**2 - 6 + 5. Give k(3).
-1
Let w(h) = -h**3 - 11*h**2 - 12*h - 1. Let k(a) = a**3 + 12*a**2 + 14*a + 3. Let d = -611 - -615. Let m(p) = d*w(p) + 3*k(p). Calculate m(-7).
-2
Suppose 4*n - 11 = 98*c - 97*c, 4*n - 4*c = 20. Let x(l) be the first derivative of -2*l**n + 3*l - 12 + 0*l**3 + 3/4*l**4. Give x(2).
19
Let q(n) be the second derivative of -n**5/20 - 11*n**4/12 - n**3/3 - 17*n**2/2 + 1102*n. What is q(-11)?
5
Suppose 0 = -3*l + 8 - 8, 3*l = 2*o - 18. Let c(z) = -z**3 + 9*z**2 + 11. Give c(o).
11
Let j(l) = l**3 - l**2 - 2. Let m(w) = -31*w + 33. Let f(v) = -v**3 + 2*v**2 + 6*v + 1. Let d be f(0). Let i be m(d). Give j(i).
2
Let s(y) = -y**2 - y. Let o be 1 + 2*3/(-12)*-2. Suppose -6*j - o = -5*j. Let h(u) = 3*u**2 - 4*u + 3. Let g(q) = j*s(q) - h(q). Give g(5).
2
Let y(p) = -p**2 + 10*p - 5. Suppose 0 = 2*u + 3*f + 7, 3*u + 4*f - 1354 = -1360. Give y(u).
-5
Suppose 3*a + y - 9 = 0, 2*a - 12 = -2*a - 2*y. Let f(p) = -a*p + 2 + 7*p + 5 - 14 - 3. Calculate f(-7).
-38
Let r(n) be the first derivative of n**6/360 + 7*n**5/120 - n**4/8 + n**3/3 - 153. Let u(v) be the third derivative of r(v). Calculate u(-6).
-9
Let n(h) be the second derivative of -h**4/12 + 5*h**3/6 - 7*h**2/2 - 672*h. What is n(6)?
-13
Suppose -6*u + u = 10. Let x(l) = 18*l**2 - 4*l**2 - 5*l**2 + 2*l**3 - 2*l + l**3 - 2 - 10*l**2. Determine x(u).
-26
Let g(l) = l**2 + 4*l + 10. Let i(q) = 2*q**2 + 4*q - 206. Let j be i(-11). Determine g(j).
42
Let l(o) = o + 2. Let w be 474/1027 + -1*2127/(-39). Let k = 131 + -192. Let y = k + w. What is l(y)?
-4
Suppose -4 = -2*n + 2*o, 26 + 0 = 5*n + 3*o. Let l(h) = -h + n - 9 - h + h. Suppose 2*g - 5*g - 9 = 0. Determine l(g).
-2
Let n(k) = k**3 + 48*k**2 + 45*k - 80. Let r be n(-47). Let t(p) = 7*p - 53. What is t(r)?
45
Let f(s) = 3*s - 94. Let m(y) = 2*y - 59. Let u(p) = -5*f(p) + 8*m(p). Let l = 7 - -1. Give u(l).
6
Let g = 34 + -30. Suppose -g*k + 7*k = -5*f - 5, -12 = 4*f + 4*k. Suppose f*b - 19 = 5*a - 2, b + 9 = -a. Let w(r) = -r**3 - 4*r**2 + 7*r + 4. Determine w(a).
-6
Let j(q) = 2*q + 3323 - 3315 - 4*q. Suppose 3*b - 35 = -8. Give j(b).
-10
Suppose -2*g + 3*t = -g + 14, 0 = -5*g + t. Let y(o) = 1 + 0 - o + 0*o + g - o**3. Let d = 187 - 185. What is y(d)?
-8
Suppose 0 = 2*k + k + 2*j + 17, 5*j + 20 = -5*k. Let u(d) be the third derivative of d**6/120 + d**5/6 + 7*d**4/24 + 7*d**3/6 + 4*d**2 + 5. Determine u(k).
25
Let d = -639 - -638. Let m(j) be the third derivative of 0 + 0*j + 7/120*j**6 + 1/30*j**5 - 1/6*j**3 + 5*j**2 + 0*j**4. Give m(d).
-6
Let h(t) = t**3 + 5*t**2 + 4*t + 4. Suppose 2*p - 180 = -3*p. Suppose p = 7*y - 16*y. Determine h(y).
4
Let k(y) = 2*y + 4*y + 6 - 4*y. Suppose -4*f = 2*t + 7962 - 7970, 0 = -4*f - 5*t + 2. Calculate k(f).
12
Let w be -3 + (0 - -1) - 2. Let t(a) = -5*a**3 - 14*a**2 - 6*a + 20. Let q(p) = -14*p**3 - 40*p**2 - 17*p + 56. Let s(y) = -4*q(y) + 11*t(y). Give s(w).
20
Suppose -2*l + 18*l - 192 = -16*l. Let m(g) be the third derivative of -1/30*g**5 + 0*g - 1/4*g**4 - l*g**2 + 0 + 0*g**3. Give m(-4).
-8
Let o(p) = 44*p - 2. Suppose -4*h + 24 = -3*c, -2*h + 3 = 3*c - 9. What is o(c)?
-2
Let q(z) = z**2 - 2*z + 4. Suppose -44*x + 327 = -56*x - 97*x. Give q(x).
19
Let z(k) be the second derivative of -k**5/20 + 2*k**2 - 2486*k. Calculate z(0).
4
Let i(u) = u**2 + 1. Let v(z) = 2*z**2 + z + 3. Let b(y) = -7*i(y) + 3*v(y). Suppose 11 - 2 = -3*s, -4*t + 115 = -s. Let p = 33 - t. Determine b(p).
-8
Let i be ((-6)/5)/((-3)/120). Let b(c) = 53*c**3 - 13*c**